v + 6*v = 32. Let f be (8/(-5))/(v/(-320)). Let j = 49 - f. List the prime factors of j.
17
Suppose -494 = 2*c + 4*w, -5*c + 2*w - 1199 = -0*c. Let o = c - -356. List the prime factors of o.
5, 23
What are the prime factors of (0 - (-12308)/(-6))*27/(-18)?
17, 181
Let j = 2865 + -728. What are the prime factors of j?
2137
Let s(v) be the second derivative of -v**3/6 + 5*v**2 - 5*v. Let x be s(10). Suppose -5*r = -x*r - 140. What are the prime factors of r?
2, 7
Let o = -24 - -24. Suppose b - 8 = -b - 4*c, o = 3*b + 3*c - 3. What are the prime factors of 9/b*(-21 + 13)?
2, 3
Let d(l) = l**3 - 2*l**2 - 3*l + 4. Let z be d(2). Let h(q) = -9*q - 3. Let v be h(z). Suppose v = s + 2. List the prime factors of s.
13
Let u be 71/(-6) - (-5)/(-30). Let z(f) = f**3 + 10*f**2 - 16*f - 3. Let a be z(u). Let s = 153 + a. What are the prime factors of s?
2, 3
Let x(r) = -r**3 - 4*r**2 - 5*r - 2. Let i be x(-3). Let m(s) = 5*s + 1. Let a be m(i). Suppose t - a = 2*w, 3*w - 71 = -3*t + 19. List the prime factors of t.
3
Suppose 2*q = -4*d + 384, 4*d - 192 = -0*q - q. Suppose q = 2*k + 36. What are the prime factors of k?
2, 3, 13
Let x be (-69)/(-15) - (-6)/15. Let p = -10 + x. Let d(o) = o**3 + 7*o**2 + 6*o + 6. What are the prime factors of d(p)?
2, 13
Let h(v) = 4*v**3 - 8*v**2 - v + 10. Let r(x) = x**3 - x**2 - x + 1. Let b(z) = -h(z) + 5*r(z). List the prime factors of b(3).
37
Let m = 7 + -1. Let b be 0*3/m - -25. What are the prime factors of (-3)/(-15) - (-620)/b?
5
Let j be 9/(-12)*(-24)/1. Let f be j*((-33)/(-6) + -1). Let o = -18 + f. List the prime factors of o.
3, 7
Let i = -50 - -18. Let j be 1*6 + i/8. Suppose 5*m = -j*y + 3*m + 110, 0 = -2*y - 4*m + 108. What are the prime factors of y?
2, 7
Let c = -25 - -64. Let v = 37 + c. List the prime factors of v.
2, 19
Let o be ((-1)/(-3))/((-6)/(-144)). Suppose 4*w + 52 = 4*z - w, -2*z = 2*w - o. Suppose -z = -10*n + 9*n. What are the prime factors of n?
2
Suppose 2*n + 4*u = -6, n = 5*u - 0 + 11. Suppose 5 = 2*q - n. Suppose 0 = q*g - 5*d - 152, 193 + 7 = 5*g + 5*d. List the prime factors of g.
2, 11
Let k(p) = 5*p + 10. Let d be k(3). Let z = 91 - d. What are the prime factors of z?
2, 3, 11
Let n be -4 - 6*(-5)/5. Suppose 4*z = n*z - 148. Let l = -51 - z. List the prime factors of l.
23
Let x(v) = v**2 - 12*v + 22. Let z be x(14). Suppose -5*h - 59 = -2*p, 3*p - 148 + 62 = 5*h. Let f = z - p. What are the prime factors of f?
23
Let p be (-20)/(-8)*(1 - -5). Let d be (5/p)/(2/12). Suppose d*x - 5*x - 2*z + 86 = 0, -x = -4*z - 38. What are the prime factors of x?
2, 3, 5
Suppose 6*b = 10*b + 32. Let f(k) = -k**2 - 11*k - 16. What are the prime factors of f(b)?
2
What are the prime factors of 2/19 + 1151064/1387?
2, 5, 83
Let b = 9 + -5. Suppose -i + 3*k + 112 = 38, b*i + 4*k = 248. What are the prime factors of i?
5, 13
Let r(a) = 38*a**3 - 2*a**2 + 1. Suppose -5 = c - 9. Suppose -c*l + 4 = -0*l. List the prime factors of r(l).
37
Suppose -3*h + 7*h + 8 = 0. Let a be 50 + -1 - 4/(4/1). What are the prime factors of (-5 + h)*a/(-14)?
2, 3
Let m(y) = 11*y - 3. Let h be m(-6). Let t = h - -127. Let f = 83 - t. What are the prime factors of f?
5
Let c be (-3)/4 + (-833)/(-28) + 5. Suppose 0 = 5*t + 4 - 19. Suppose -p - c = -3*r, 0*r + t*r - 38 = 5*p. What are the prime factors of r?
11
Let m(d) = d. Let l(s) = 2 + 4*s**2 + 2*s**2 - 6*s**2 + s**2 + 2*s. Let h(u) = l(u) - 2*m(u). What are the prime factors of h(-4)?
2, 3
Let b(j) = j**3 + 10*j**2 - j - 7. Let h be b(-10). Suppose h*x = x - 198. Let w = -70 - x. List the prime factors of w.
29
Suppose 91 - 7 = 2*w - k, -2*w - k = -80. Let y = 10 + -5. Suppose -2*n - n = -y*x + w, -23 = -2*x - n. What are the prime factors of x?
2, 5
List the prime factors of (-2)/22 + 100569/77 + -12.
2, 647
Let p(m) = m**2 - m - 7. Let x be p(-3). Suppose -7 - 1 = -4*d, x*n = -5*d + 150. List the prime factors of n.
2, 7
Suppose 5*c + 5 = -3*w, -2*c + 5 = 3*w - 2. Suppose -w*y + j + 58 = -3*j, -4*j = -2*y + 28. What are the prime factors of y?
2, 5
Let l(j) = -22 + 2*j + 2*j + 25*j. List the prime factors of l(6).
2, 19
Suppose 4*a = 4*h - 28, 15 = 3*h + 3*a - 4*a. Let o(p) = p - 2. What are the prime factors of o(h)?
2
Let h(a) be the third derivative of a**6/20 + a**5/30 + a**4/24 + a**3/6 - 21*a**2. What are the prime factors of h(2)?
59
Suppose -32 = -6*b + 2*b. Suppose -4*t = -8 - b. Suppose 72 = -s + t*s. What are the prime factors of s?
2, 3
Suppose -3*x + 173 = -145. Let d = 109 - x. What are the prime factors of d?
3
Let l(h) = -8*h - 4. Let f be l(-2). Let r be f/32 + 58/16. Suppose 0 = n + 2*v + v - 63, r*v = 3*n - 124. What are the prime factors of n?
2, 3
Let a(b) = 41*b**2 - 4*b + 18. List the prime factors of a(5).
3, 11, 31
Let h = -14 + -1. Suppose 5*q + x = -0*x - 5, 25 = 5*x. List the prime factors of 1 + (-2 - h) - q.
2
Let d(c) = c**3 + 3*c**2 + 14*c + 3. What are the prime factors of d(6)?
3, 137
Let v = 249 - 427. Let s = v + 261. Suppose 4*p - 3*l - 57 = s, -5*p - 5*l = -175. What are the prime factors of p?
5, 7
Let z = 4866 - 2654. What are the prime factors of z?
2, 7, 79
Suppose -y - 7 = -0*y + 5*l, 0 = -2*y + 2*l + 10. Suppose b - 22 = -4*v, b + y*v - 20 = -2. List the prime factors of -7 + b + 26 + 0.
5
Suppose -3*a - 4 = -4*a. Suppose 0 = -g - a + 8. Suppose -g*t + 37 + 51 = 0. What are the prime factors of t?
2, 11
Let j = 4 + -1. Suppose 5*m - 3*k - 6 = 0, j*k + k = -3*m - 8. Suppose -112 = -2*l - m*u + 2*u, 136 = 2*l + 4*u. What are the prime factors of l?
2, 3, 5
Let y = -2294 + 4183. List the prime factors of y.
1889
Suppose -9 = -5*u + 1. Suppose u*g = g + 56. Suppose d = 5*d - g. List the prime factors of d.
2, 7
Suppose 4*s - 39 = 3*s. Let o be -1 - (-4 + 0) - s. What are the prime factors of ((-40)/24)/(10/o)?
2, 3
Let x be 3/(-3) + 7 + -5. Suppose -3*k + x = 5*u, -5 = -5*k - 4*u - u. Suppose -k*i + 176 = 2*i. List the prime factors of i.
2, 11
Let f = -76 - -72. What are the prime factors of (f/(-5) + 1)*5?
3
Let d(y) = y**2 - 10*y - 26. Suppose 0 = 5*o - 3*c - 84, o + c = 1 + 11. List the prime factors of d(o).
7
Suppose -10*z + 45 = -35. Suppose 5*c + z - 78 = 0. What are the prime factors of c?
2, 7
Let u be -3 - 7/((-21)/864). Let l = u + -168. What are the prime factors of l?
3, 13
Suppose -2*q + 67 = -0*q - 3*m, -3*m - 38 = -q. Suppose 0 = 4*o + 5*f + q + 3, -4*f = -16. Let d = o - -22. List the prime factors of d.
3
Suppose 3*n = 4*u + 157, -n - 2*u = u - 74. Let a = -16 + n. List the prime factors of a.
43
List the prime factors of (-20)/(-90) - (-17078)/18.
13, 73
Let f(c) = 2*c + 8. Let n be f(-5). Let o(x) = 8*x**3 + 2*x**2 + x + 1. Let w be o(n). List the prime factors of -3*2/(18/w).
19
Suppose 3*n + 360 = 5*n. Suppose -n = -5*t + 45. List the prime factors of (t/(-60))/(2/(-144)).
2, 3
Let i = 24 + -9. Suppose 0*p = -2*p - 4*s + 6, 4*s - i = -5*p. Suppose 51 = p*m + 45. List the prime factors of m.
2
Let q be (-15)/(-2 + 1) - 2. Let d = -56 + q. What are the prime factors of 3*d/(-3) + -1?
2, 3, 7
Suppose -9 = c - 25. List the prime factors of c - (4 + 1 + -3).
2, 7
Let j(r) = 5*r**2 + 16*r + 29. Let d be j(-3). Let i be (-8)/(-1 + (-1)/(-2)). Suppose -3*p + d = -i. What are the prime factors of p?
2, 7
Let i(a) = -1. Let z(b) = 2*b + 4. Let r(y) = 4*i(y) - z(y). Let w be r(-6). Suppose -4 = -w*u + 72. What are the prime factors of u?
19
Let h(z) be the first derivative of -z**5/60 + 5*z**4/24 - 2*z**3 - 3. Let y(o) be the third derivative of h(o). List the prime factors of y(-8).
3, 7
Let d(n) = -403*n - 132. List the prime factors of d(-5).
7, 269
Suppose 141 = -2*o + n, 3*o + 332 - 128 = -n. Let u = 85 - o. List the prime factors of u.
2, 7, 11
Let l(i) = 169*i**2 + 11*i - 3. Let z(a) = 85*a**2 + 5*a - 1. Let s(j) = -2*l(j) + 5*z(j). What are the prime factors of s(-1)?
5, 17
Suppose 7*w + 86427 = 40*w. What are the prime factors of w?
3, 97
What are the prime factors of -4 - 1 - -528 - 5?
2, 7, 37
Suppose -23 = -4*s + 3*k, 34 = 5*s - 0*s - 2*k. Let n(d) = 6*d + 9. What are the prime factors of n(s)?
3, 19
Let l be 2*2/4*4. Suppose h + l + 8 = 5*z, 4*h - z - 9 = 0. Let o = h + 12. What are the prime factors of o?
3, 5
Suppose 9145 = -20*o + 37085. List the prime factors of o.
11, 127
Let a(x) = -x**3 + 2*x**2 +